D/dalvikvm(24744): GC_FOR_ALLOC freed 249K, 7% free 8418K/8967K, paused 22ms
I/MainActivity(24744): Update client selection
D/dalvikvm(24089): GC_CONCURRENT freed 1929K, 33% free 15117K/22279K, paused 2ms+3ms
I/MainActivity(24744): Update client selection
I/MainActivity(24744): Time to reconnect!
I/ActivityManager( 138): Displayed tallus.android.sagetv/.show.ShowControl: +574ms
D/dalvikvm(24089): GC_CONCURRENT freed 2058K, 33% free 15105K/22279K, paused 3ms+3ms
D/dalvikvm(24744): GC_FOR_ALLOC freed 69K, 4% free 8862K/9223K, paused 23ms
D/dalvikvm(24089): GC_CONCURRENT freed 1949K, 33% free 15141K/22279K, paused 2ms+4ms
D/dalvikvm(24744): GC_CONCURRENT freed 736K, 9% free 9005K/9799K, paused 2ms+4ms
I/MainActivity(24744): Time to reconnect!
D/dalvikvm(24089): GC_CONCURRENT freed 2264K, 34% free 14923K/22279K, paused 4ms+7ms
D/dalvikvm(24744): GC_CONCURRENT freed 800K, 9% free 9064K/9927K, paused 2ms+2ms
D/dalvikvm(24089): GC_CONCURRENT freed 1910K, 33% free 15037K/22279K, paused 5ms+4ms
D/dalvikvm(24744): GC_CONCURRENT freed 914K, 10% free 9054K/10055K, paused 2ms+4ms
D/dalvikvm(24089): GC_CONCURRENT freed 2119K, 33% free 14941K/22279K, paused 3ms+7ms
D/dalvikvm(24089): GC_CONCURRENT freed 2065K, 34% free 14924K/22279K, paused 8ms+3ms
D/dalvikvm(24089): GC_CONCURRENT freed 2108K, 34% free 14838K/22279K, paused 8ms+4ms
D/dalvikvm(24744): GC_CONCURRENT freed 801K, 10% free 9072K/10055K, paused 2ms+3ms
D/dalvikvm(24089): GC_CONCURRENT freed 1876K, 33% free 15007K/22279K, paused 9ms+6ms
D/dalvikvm(24089): GC_CONCURRENT freed 1923K, 33% free 15122K/22279K, paused 6ms+4ms
D/dalvikvm(24089): GC_CONCURRENT freed 1869K, 32% free 15301K/22279K, paused 8ms+3ms
I/ShowGuide(24744): Set the days
I/ShowGuide(24744): Set the lineups
I/ShowGuide(24744): Refreshing the listview
I/MainActivity(24744): Time to reconnect!
D/AndroidRuntime(24744): Shutting down VM
W/dalvikvm(24744): threadid=1: thread exiting with uncaught exception (group=0x40119760)
D/dalvikvm(24089): GC_CONCURRENT freed 2159K, 33% free 15126K/22279K, paused 7ms+5ms
D/dalvikvm(24089): GC_CONCURRENT freed 2478K, 35% free 14657K/22279K, paused 3ms+5ms
D/dalvikvm(24089): GC_CONCURRENT freed 1878K, 34% free 14826K/22279K, paused 7ms+3ms
D/dalvikvm(24089): GC_CONCURRENT freed 1883K, 33% free 14933K/22279K, paused 4ms+4ms
D/dalvikvm(24089): GC_CONCURRENT freed 1875K, 33% free 15104K/22279K, paused 7ms+3ms
I/Process (24744): Sending signal. PID: 24744 SIG: 9
E/InputDispatcher( 138): channel '4157d808 tallus.android.sagetv/tallus.android.sagetv.show.ShowGuide (server)' ~ Consumer closed input channel or an error occurred. events=0x8
E/InputDispatcher( 138): channel '4157d808 tallus.android.sagetv/tallus.android.sagetv.show.ShowGuide (server)' ~ Channel is unrecoverably broken and will be disposed!
D/gralloc ( 86): Attempting to delete a locked buffer!
D/gralloc ( 86): Buffer 27 locks: (tid = 24744 (x1), usage = 0x200)
D/dalvikvm(24089): GC_CONCURRENT freed 1940K, 32% free 15208K/22279K, paused 3ms+4ms
D/dalvikvm(24089): GC_CONCURRENT freed 2089K, 33% free 15125K/22279K, paused 6ms+4ms
D/dalvikvm(24089): GC_CONCURRENT freed 2320K, 34% free 14856K/22279K, paused 4ms+3ms
D/dalvikvm(24089): GC_CONCURRENT freed 1858K, 33% free 15034K/22279K, paused 5ms+4ms
D/dalvikvm(24089): GC_CONCURRENT freed 1956K, 33% free 15126K/22279K, paused 7ms+4ms
D/AndroidRuntime(24766): Shutting down VM
W/dalvikvm(24766): threadid=1: thread exiting with uncaught exception (group=0x40119760)
D/dalvikvm(24089): GC_CONCURRENT freed 2250K, 34% free 14923K/22279K, paused 8ms+4ms
D/dalvikvm(24089): GC_CONCURRENT freed 1921K, 33% free 15026K/22279K, paused 3ms+3ms
D/dalvikvm(24089): GC_CONCURRENT freed 2108K, 33% free 14942K/22279K, paused 4ms+5ms
D/dalvikvm(24089): GC_CONCURRENT freed 2065K, 34% free 14922K/22279K, paused 3ms+3ms
I/Process (24766): Sending signal. PID: 24766 SIG: 9
D/dalvikvm(24089): GC_CONCURRENT freed 1916K, 33% free 15029K/22279K, paused 4ms+3ms
D/dalvikvm(24089): GC_CONCURRENT freed 2068K, 33% free 15009K/22279K, paused 7ms+3ms
D/dalvikvm(24089): GC_FOR_ALLOC freed 1883K, 33% free 15115K/22279K, paused 66ms
D/dalvikvm(24089): GC_CONCURRENT freed 125K, 32% free 15318K/22279K, paused 3ms+9ms
D/dalvikvm(24089): GC_CONCURRENT freed 2484K, 34% free 14846K/22279K, paused 7ms+5ms
D/dalvikvm(24089): GC_CONCURRENT freed 1841K, 33% free 15018K/22279K, paused 3ms+4ms
D/dalvikvm(24089): GC_CONCURRENT freed 2108K, 33% free 14934K/22279K, paused 4ms+3ms
D/dalvikvm( 192): GC_CONCURRENT freed 1749K, 18% free 13256K/16007K, paused 3ms+3ms
D/dalvikvm( 192): GC_FOR_ALLOC freed 652K, 14% free 13871K/16007K, paused 25ms
D/dalvikvm( 192): GC_FOR_ALLOC freed 280K, 14% free 13867K/16007K, paused 25ms
D/dalvikvm( 192): GC_FOR_ALLOC freed 276K, 14% free 13867K/16007K, paused 26ms
D/dalvikvm( 192): GC_FOR_ALLOC freed 276K, 14% free 13867K/16007K, paused 25ms
D/dalvikvm( 192): GC_FOR_ALLOC freed 276K, 14% free 13867K/16007K, paused 25ms
D/dalvikvm( 192): GC_FOR_ALLOC freed 276K, 14% free 13867K/16007K, paused 33ms
D/dalvikvm( 192): GC_FOR_ALLOC freed 247K, 14% free 13899K/16007K, paused 27ms
D/dalvikvm(24089): GC_CONCURRENT freed 2105K, 34% free 14838K/22279K, paused 3ms+13ms
D/dalvikvm(23514): GC_EXPLICIT freed 200K, 9% free 6330K/6919K, paused 2ms+3ms
D/dalvikvm( 192): GC_FOR_ALLOC freed 371K, 13% free 13945K/16007K, paused 26ms
D/dalvikvm( 192): GC_FOR_ALLOC freed 129K, 13% free 13956K/16007K, paused 24ms
I/dalvikvm-heap( 192): Grow heap (frag case) to 13.818MB for 141136-byte allocation
D/dalvikvm( 192): GC_FOR_ALLOC freed <1K, 14% free 14093K/16199K, paused 26ms
D/dalvikvm( 192): GC_FOR_ALLOC freed 138K, 14% free 13956K/16199K, paused 27ms
D/dalvikvm( 192): GC_FOR_ALLOC freed 138K, 14% free 13956K/16199K, paused 25ms
D/dalvikvm( 192): GC_FOR_ALLOC freed 138K, 14% free 13956K/16199K, paused 25ms
D/dalvikvm( 192): GC_FOR_ALLOC freed 138K, 14% free 13956K/16199K, paused 25ms
D/dalvikvm( 192): GC_FOR_ALLOC freed 138K, 14% free 13956K/16199K, paused 25ms
D/dalvikvm( 192): GC_FOR_ALLOC freed 138K, 14% free 13956K/16199K, paused 24ms
D/dalvikvm( 192): GC_FOR_ALLOC freed 138K, 14% free 13956K/16199K, paused 24ms
D/dalvikvm( 192): GC_FOR_ALLOC freed 138K, 14% free 13956K/16199K, paused 24ms
D/dalvikvm( 192): GC_FOR_ALLOC freed 138K, 14% free 13956K/16199K, paused 25ms
D/dalvikvm( 192): GC_FOR_ALLOC freed 138K, 14% free 13956K/16199K, paused 24ms
D/dalvikvm( 192): GC_FOR_ALLOC freed 138K, 14% free 13956K/16199K, paused 23ms
D/dalvikvm(24089): GC_CONCURRENT freed 2109K, 34% free 14752K/22279K, paused 3ms+3ms
D/dalvikvm(24089): GC_CONCURRENT freed 2105K, 35% free 14570K/22279K, paused 3ms+4ms
D/dalvikvm(24089): GC_CONCURRENT freed 1876K, 34% free 14740K/22279K, paused 2ms+3ms
D/dalvikvm(24089): GC_CONCURRENT freed 1878K, 34% free 14837K/22279K, paused 8ms+3ms
D/dalvikvm(24089): GC_CONCURRENT freed 1919K, 33% free 14941K/22279K, paused 8ms+4ms
D/dalvikvm(24089): GC_CONCURRENT freed 2064K, 33% free 15029K/22279K, paused 7ms+6ms
D/dalvikvm( 192): GC_FOR_ALLOC freed 1041K, 20% free 13059K/16199K, paused 32ms
D/dalvikvm(24089): GC_CONCURRENT freed 1924K, 33% free 15123K/22279K, paused 5ms+5ms
D/dalvikvm(24089): GC_FOR_ALLOC freed 2098K, 33% free 15025K/22279K, paused 58ms
D/dalvikvm(24089): GC_CONCURRENT freed 51K, 32% free 15315K/22279K, paused 3ms+6ms
D/dalvikvm(23289): GC_EXPLICIT freed 4522K, 40% free 9705K/16071K, paused 3ms+6ms
D/dalvikvm(24089): GC_CONCURRENT freed 2488K, 34% free 14839K/22279K, paused 3ms+4ms
D/alogcat (23339): stopping ...
D/alogcat (23339): canceling periodic saves
D/alogcat (23339): starting ...
V/alogcat (23339): started
V/alogcat (23339): resumed
D/dalvikvm( 138): GC_CONCURRENT freed 1455K, 34% free 18963K/28615K, paused 2ms+11ms
D/dalvikvm(23339): GC_CONCURRENT freed 444K, 39% free 7488K/12167K, paused 2ms+5ms
D/dalvikvm(24089): GC_CONCURRENT freed 1878K, 33% free 15007K/22279K, paused 11ms+6ms
D/dalvikvm( 192): GC_FOR_ALLOC freed 1147K, 20% free 13041K/16199K, paused 37ms
D/dalvikvm(24089): GC_CONCURRENT freed 2112K, 33% free 14934K/22279K, paused 4ms+3ms
D/dalvikvm(24089): GC_CONCURRENT freed 1877K, 33% free 15105K/22279K, paused 3ms+3ms
D/dalvikvm(24089): GC_FOR_ALLOC freed 1882K, 32% free 15206K/22279K, paused 46ms
D/dalvikvm(24089): GC_CONCURRENT freed 124K, 32% free 15314K/22279K, paused 2ms+5ms
D/dalvikvm(24089): GC_FOR_ALLOC freed 2442K, 34% free 14841K/22279K, paused 50ms
D/dalvikvm(24089): GC_CONCURRENT freed 46K, 32% free 15309K/22279K, paused 3ms+5ms
D/dalvikvm(24089): GC_CONCURRENT freed 2379K, 33% free 14950K/22279K, paused 3ms+5ms
D/dalvikvm(24089): GC_CONCURRENT freed 2255K, 34% free 14741K/22279K, paused 4ms+5ms
D/dalvikvm(23339): GC_CONCURRENT freed 249K, 37% free 7705K/12167K, paused 2ms+3ms
D/dalvikvm(23339): GC_CONCURRENT freed 9K, 33% free 8186K/12167K, paused 1ms+3ms
D/dalvikvm(23339): GC_CONCURRENT freed 6K, 28% free 8811K/12167K, paused 2ms+2ms
D/dalvikvm(23339): GC_CONCURRENT freed <1K, 21% free 9652K/12167K, paused 1ms+2ms
D/dalvikvm(23339): GC_CONCURRENT freed <1K, 12% free 10774K/12167K, paused 1ms+2ms
D/dalvikvm(23339): GC_FOR_ALLOC freed <1K, 9% free 11265K/12295K, paused 21ms
D/dalvikvm(24089): GC_CONCURRENT freed 1880K, 34% free 14837K/22279K, paused 2ms+4ms
D/dalvikvm(24089): GC_CONCURRENT freed 1696K, 33% free 15128K/22279K, paused 2ms+5ms
D/dalvikvm(24089): GC_CONCURRENT freed 1845K, 32% free 15330K/22279K, paused 5ms+4ms
D/dalvikvm(24089): GC_CONCURRENT freed 2318K, 33% free 15021K/22279K, paused 5ms+3ms
D/dalvikvm(24089): GC_CONCURRENT freed 2106K, 34% free 14923K/22279K, paused 5ms+3ms
D/dalvikvm(24089): GC_FOR_ALLOC freed 1883K, 33% free 15012K/22279K, paused 42ms
D/dalvikvm(24089): GC_CONCURRENT freed 52K, 32% free 15297K/22279K, paused 3ms+3ms
D/dalvikvm(24089): GC_CONCURRENT freed 2368K, 33% free 14949K/22279K, paused 3ms+4ms
D/dalvikvm(24089): GC_CONCURRENT freed 2030K, 33% free 14933K/22279K, paused 2ms+3ms
D/dalvikvm(24089): GC_CONCURRENT freed 1876K, 33% free 15105K/22279K, paused 8ms+3ms
D/dalvikvm(24089): GC_CONCURRENT freed 1948K, 33% free 15141K/22279K, paused 3ms+4ms
D/dalvikvm(24089): GC_CONCURRENT freed 2264K, 34% free 14924K/22279K, paused 3ms+3ms
D/dalvikvm(24089): GC_FOR_ALLOC freed 1886K, 33% free 15024K/22279K, paused 46ms
D/dalvikvm(24089): GC_CONCURRENT freed 52K, 32% free 15304K/22279K, paused 2ms+5ms
D/dalvikvm(24089): GC_CONCURRENT freed 2361K, 33% free 14954K/22279K, paused 2ms+4ms
D/dalvikvm(24089): GC_CONCURRENT freed 2259K, 34% free 14741K/22279K, paused 2ms+3ms
D/dalvikvm(24089): GC_FOR_ALLOC freed 1877K, 34% free 14835K/22279K, paused 48ms
D/dalvikvm(24089): GC_CONCURRENT freed 16K, 32% free 15296K/22279K, paused 2ms+4ms
D/dalvikvm( 218): GC_EXPLICIT freed 557K, 16% free 19731K/23239K, paused 2ms+4ms
D/dalvikvm(24089): GC_CONCURRENT freed 1992K, 32% free 15344K/22279K, paused 3ms+4ms
D/dalvikvm(24089): GC_CONCURRENT freed 2673K, 35% free 14657K/22279K, paused 4ms+3ms
D/dalvikvm(24089): GC_CONCURRENT freed 1878K, 34% free 14826K/22279K, paused 7ms+3ms