W/System.err(23833): at tallus.android.sagetv.show.ShowDetails$1.onClick(ShowDetails.java:277)
W/System.err(23833): at android.view.View.performClick(View.java:3110)
W/System.err(23833): at android.view.View$PerformClick.run(View.java:11934)
W/System.err(23833): at android.os.Handler.handleCallback(Handler.java:587)
W/System.err(23833): at android.os.Handler.dispatchMessage(Handler.java:92)
W/System.err(23833): at android.os.Looper.loop(Looper.java:132)
W/System.err(23833): at android.app.ActivityThread.main(ActivityThread.java:4123)
W/System.err(23833): at java.lang.reflect.Method.invokeNative(Native Method)
W/System.err(23833): at java.lang.reflect.Method.invoke(Method.java:491)
W/System.err(23833): at com.android.internal.os.ZygoteInit$MethodAndArgsCaller.run(ZygoteInit.java:841)
W/System.err(23833): at com.android.internal.os.ZygoteInit.main(ZygoteInit.java:599)
W/System.err(23833): at dalvik.system.NativeStart.main(Native Method)
I/MainActivity(23833): Time to reconnect!
D/dalvikvm(23833): GC_CONCURRENT freed 718K, 19% free 9311K/11463K, paused 2ms+6ms
D/dalvikvm(24089): GC_CONCURRENT freed 2140K, 33% free 15127K/22279K, paused 2ms+7ms
D/dalvikvm(24089): GC_CONCURRENT freed 2250K, 34% free 14923K/22279K, paused 2ms+3ms
D/dalvikvm(24089): GC_FOR_ALLOC freed 1884K, 33% free 15022K/22279K, paused 74ms
D/dalvikvm(24089): GC_CONCURRENT freed 92K, 32% free 15305K/22279K, paused 3ms+6ms
D/dalvikvm(24089): GC_CONCURRENT freed 2518K, 34% free 14761K/22279K, paused 3ms+5ms
D/dalvikvm(24089): GC_CONCURRENT freed 2067K, 34% free 14741K/22279K, paused 4ms+4ms
D/dalvikvm(24089): GC_FOR_ALLOC freed 1880K, 34% free 14836K/22279K, paused 45ms
D/dalvikvm(24089): GC_CONCURRENT freed 13K, 32% free 15296K/22279K, paused 2ms+3ms
I/MainActivity(23833): Width = 304
I/MainActivity(23833): Image URL: http://192.168.0.12:8080/sagex/media/thumbnail/, file = 5087017-304
I/MainActivity(23833): Time to reconnect!
I/ActivityManager( 138): Displayed tallus.android.sagetv/.show.ShowDetails: +353ms
D/dalvikvm(24089): GC_CONCURRENT freed 2374K, 33% free 14942K/22279K, paused 4ms+3ms
I/TASageTV(23833): Sending: DEL:5087017
W/System.err(23833): android.os.NetworkOnMainThreadException
W/System.err(23833): at android.os.StrictMode$AndroidBlockGuardPolicy.onNetwork(StrictMode.java:1077)
W/System.err(23833): at dalvik.system.BlockGuard$WrappedNetworkSystem.write(BlockGuard.java:290)
W/System.err(23833): at org.apache.harmony.luni.net.PlainSocketImpl.write(PlainSocketImpl.java:462)
W/System.err(23833): at org.apache.harmony.luni.net.SocketOutputStream.write(SocketOutputStream.java:55)
W/System.err(23833): at java.io.OutputStreamWriter.flush(OutputStreamWriter.java:165)
W/System.err(23833): at java.io.PrintWriter.flush(PrintWriter.java:270)
W/System.err(23833): at tallus.utils.TCPClient.Send(TCPClient.java:199)
W/System.err(23833): at tallus.utils.TCPClient.SendRaw(TCPClient.java:191)
W/System.err(23833): at tallus.android.sagetv.service.STVServer.myDelete(STVServer.java:148)
W/System.err(23833): at tallus.android.sagetv.service.STVServer$MyServiceBinder.delete(STVServer.java:208)
W/System.err(23833): at tallus.android.sagetv.show.ShowDetails$1.onClick(ShowDetails.java:277)
W/System.err(23833): at android.view.View.performClick(View.java:3110)
W/System.err(23833): at android.view.View$PerformClick.run(View.java:11934)
W/System.err(23833): at android.os.Handler.handleCallback(Handler.java:587)
W/System.err(23833): at android.os.Handler.dispatchMessage(Handler.java:92)
W/System.err(23833): at android.os.Looper.loop(Looper.java:132)
W/System.err(23833): at android.app.ActivityThread.main(ActivityThread.java:4123)
W/System.err(23833): at java.lang.reflect.Method.invokeNative(Native Method)
W/System.err(23833): at java.lang.reflect.Method.invoke(Method.java:491)
W/System.err(23833): at com.android.internal.os.ZygoteInit$MethodAndArgsCaller.run(ZygoteInit.java:841)
W/System.err(23833): at com.android.internal.os.ZygoteInit.main(ZygoteInit.java:599)
W/System.err(23833): at dalvik.system.NativeStart.main(Native Method)
D/dalvikvm(24089): GC_CONCURRENT freed 2066K, 34% free 14922K/22279K, paused 18ms+5ms
D/dalvikvm( 138): GC_CONCURRENT freed 1360K, 37% free 18184K/28615K, paused 5ms+6ms
I/MainActivity(23833): Time to reconnect!
D/dalvikvm(23833): GC_CONCURRENT freed 1269K, 21% free 9068K/11463K, paused 2ms+4ms
D/dalvikvm(24089): GC_FOR_ALLOC freed 1883K, 33% free 15022K/22279K, paused 44ms
D/dalvikvm(24089): GC_CONCURRENT freed 44K, 32% free 15307K/22279K, paused 2ms+4ms
D/dalvikvm(24089): GC_CONCURRENT freed 2297K, 33% free 14934K/22279K, paused 3ms+3ms
D/dalvikvm(24089): GC_CONCURRENT freed 2146K, 34% free 14760K/22279K, paused 3ms+6ms
D/dalvikvm(24089): GC_CONCURRENT freed 2065K, 34% free 14741K/22279K, paused 2ms+3ms
I/MainActivity(23833): Width = 304
I/MainActivity(23833): Image URL: http://192.168.0.12:8080/sagex/media/thumbnail/, file = 5087017-304
D/dalvikvm(23833): GC_FOR_ALLOC freed 832K, 22% free 9018K/11463K, paused 30ms
I/MainActivity(23833): Time to reconnect!
D/dalvikvm(24089): GC_FOR_ALLOC freed 1879K, 34% free 14836K/22279K, paused 61ms
I/ActivityManager( 138): Displayed tallus.android.sagetv/.show.ShowDetails: +392ms
D/dalvikvm(24089): GC_CONCURRENT freed 52K, 32% free 15303K/22279K, paused 2ms+4ms
I/TASageTV(23833): Sending: DEL:5087017
W/System.err(23833): android.os.NetworkOnMainThreadException
W/System.err(23833): at android.os.StrictMode$AndroidBlockGuardPolicy.onNetwork(StrictMode.java:1077)
W/System.err(23833): at dalvik.system.BlockGuard$WrappedNetworkSystem.write(BlockGuard.java:290)
W/System.err(23833): at org.apache.harmony.luni.net.PlainSocketImpl.write(PlainSocketImpl.java:462)
W/System.err(23833): at org.apache.harmony.luni.net.SocketOutputStream.write(SocketOutputStream.java:55)
W/System.err(23833): at java.io.OutputStreamWriter.flush(OutputStreamWriter.java:165)
W/System.err(23833): at java.io.PrintWriter.flush(PrintWriter.java:270)
W/System.err(23833): at tallus.utils.TCPClient.Send(TCPClient.java:199)
W/System.err(23833): at tallus.utils.TCPClient.SendRaw(TCPClient.java:191)
W/System.err(23833): at tallus.android.sagetv.service.STVServer.myDelete(STVServer.java:148)
W/System.err(23833): at tallus.android.sagetv.service.STVServer$MyServiceBinder.delete(STVServer.java:208)
W/System.err(23833): at tallus.android.sagetv.show.ShowDetails$1.onClick(ShowDetails.java:277)
W/System.err(23833): at android.view.View.performClick(View.java:3110)
W/System.err(23833): at android.view.View$PerformClick.run(View.java:11934)
W/System.err(23833): at android.os.Handler.handleCallback(Handler.java:587)
W/System.err(23833): at android.os.Handler.dispatchMessage(Handler.java:92)
W/System.err(23833): at android.os.Looper.loop(Looper.java:132)
W/System.err(23833): at android.app.ActivityThread.main(ActivityThread.java:4123)
W/System.err(23833): at java.lang.reflect.Method.invokeNative(Native Method)
W/System.err(23833): at java.lang.reflect.Method.invoke(Method.java:491)
W/System.err(23833): at com.android.internal.os.ZygoteInit$MethodAndArgsCaller.run(ZygoteInit.java:841)
W/System.err(23833): at com.android.internal.os.ZygoteInit.main(ZygoteInit.java:599)
W/System.err(23833): at dalvik.system.NativeStart.main(Native Method)
I/MainActivity(23833): Time to reconnect!
D/dalvikvm(23833): GC_FOR_ALLOC freed 703K, 20% free 9180K/11463K, paused 27ms
D/dalvikvm(23833): GC_CONCURRENT freed 335K, 21% free 9082K/11463K, paused 2ms+5ms
D/dalvikvm(24089): GC_CONCURRENT freed 2315K, 33% free 15034K/22279K, paused 3ms+5ms
D/dalvikvm(24089): GC_CONCURRENT freed 2134K, 33% free 14937K/22279K, paused 7ms+3ms
D/dalvikvm(24089): GC_CONCURRENT freed 2060K, 34% free 14922K/22279K, paused 2ms+7ms
D/dalvikvm(24089): GC_CONCURRENT freed 1920K, 33% free 15047K/22279K, paused 3ms+10ms
D/dalvikvm(24089): GC_CONCURRENT freed 1926K, 33% free 15124K/22279K, paused 4ms+8ms
D/dalvikvm(24089): GC_CONCURRENT freed 2040K, 33% free 15131K/22279K, paused 6ms+7ms
D/dalvikvm(24089): GC_FOR_ALLOC freed 2087K, 33% free 15020K/22279K, paused 45ms
D/dalvikvm(24089): GC_CONCURRENT freed 5K, 33% free 15115K/22279K, paused 2ms+3ms
I/MainActivity(23833): Width = 304
I/MainActivity(23833): Image URL: http://192.168.0.12:8080/sagex/media/thumbnail/, file = 5087017-304
I/MainActivity(23833): Time to reconnect!
D/dalvikvm(23833): GC_CONCURRENT freed 992K, 22% free 8964K/11463K, paused 2ms+4ms
D/dalvikvm(24089): GC_CONCURRENT freed 2106K, 33% free 15020K/22279K, paused 3ms+5ms
I/ActivityManager( 138): Displayed tallus.android.sagetv/.show.ShowDetails: +392ms
D/dalvikvm(24089): GC_CONCURRENT freed 1928K, 33% free 15137K/22279K, paused 4ms+4ms
I/TASageTV(23833): Sending: DEL:5087017
W/System.err(23833): android.os.NetworkOnMainThreadException
W/System.err(23833): at android.os.StrictMode$AndroidBlockGuardPolicy.onNetwork(StrictMode.java:1077)
W/System.err(23833): at dalvik.system.BlockGuard$WrappedNetworkSystem.write(BlockGuard.java:290)
W/System.err(23833): at org.apache.harmony.luni.net.PlainSocketImpl.write(PlainSocketImpl.java:462)
W/System.err(23833): at org.apache.harmony.luni.net.SocketOutputStream.write(SocketOutputStream.java:55)
W/System.err(23833): at java.io.OutputStreamWriter.flush(OutputStreamWriter.java:165)
W/System.err(23833): at java.io.PrintWriter.flush(PrintWriter.java:270)
W/System.err(23833): at tallus.utils.TCPClient.Send(TCPClient.java:199)
W/System.err(23833): at tallus.utils.TCPClient.SendRaw(TCPClient.java:191)
W/System.err(23833): at tallus.android.sagetv.service.STVServer.myDelete(STVServer.java:148)
W/System.err(23833): at tallus.android.sagetv.service.STVServer$MyServiceBinder.delete(STVServer.java:208)
W/System.err(23833): at tallus.android.sagetv.show.ShowDetails$1.onClick(ShowDetails.java:277)
W/System.err(23833): at android.view.View.performClick(View.java:3110)
W/System.err(23833): at android.view.View$PerformClick.run(View.java:11934)
W/System.err(23833): at android.os.Handler.handleCallback(Handler.java:587)
W/System.err(23833): at android.os.Handler.dispatchMessage(Handler.java:92)
W/System.err(23833): at android.os.Looper.loop(Looper.java:132)
W/System.err(23833): at android.app.ActivityThread.main(ActivityThread.java:4123)
W/System.err(23833): at java.lang.reflect.Method.invokeNative(Native Method)
W/System.err(23833): at java.lang.reflect.Method.invoke(Method.java:491)
W/System.err(23833): at com.android.internal.os.ZygoteInit$MethodAndArgsCaller.run(ZygoteInit.java:841)
W/System.err(23833): at com.android.internal.os.ZygoteInit.main(ZygoteInit.java:599)
W/System.err(23833): at dalvik.system.NativeStart.main(Native Method)
I/MainActivity(23833): Time to reconnect!
D/dalvikvm(23833): GC_CONCURRENT freed 722K, 21% free 9135K/11463K, paused 2ms+6ms
D/dalvikvm(24089): GC_CONCURRENT freed 1865K, 32% free 15319K/22279K, paused 3ms+4ms
D/dalvikvm(24089): GC_CONCURRENT freed 2384K, 33% free 14944K/22279K, paused 2ms+4ms
D/dalvikvm(24089): GC_CONCURRENT freed 2249K, 34% free 14741K/22279K, paused 4ms+3ms
D/dalvikvm(24089): GC_CONCURRENT freed 1881K, 34% free 14837K/22279K, paused 6ms+5ms
D/dalvikvm(24089): GC_CONCURRENT freed 1923K, 33% free 14936K/22279K, paused 5ms+5ms
D/dalvikvm(24089): GC_CONCURRENT freed 2060K, 34% free 14924K/22279K, paused 3ms+4ms
I/MainActivity(23833): Width = 304
I/MainActivity(23833): Image URL: http://192.168.0.12:8080/sagex/media/thumbnail/, file = 5087017-304
D/dalvikvm(23833): GC_CONCURRENT freed 785K, 19% free 9306K/11463K, paused 2ms+3ms
I/MainActivity(23833): Time to reconnect!
I/ActivityManager( 138): Displayed tallus.android.sagetv/.show.ShowDetails: +400ms
D/dalvikvm(24089): GC_CONCURRENT freed 1920K, 33% free 15026K/22279K, paused 7ms+3ms
D/dalvikvm(24089): GC_CONCURRENT freed 2108K, 33% free 14941K/22279K, paused 6ms+3ms
I/TASageTV(23833): Sending: DEL:5087017
W/System.err(23833): android.os.NetworkOnMainThreadException
W/System.err(23833): at android.os.StrictMode$AndroidBlockGuardPolicy.onNetwork(StrictMode.java:1077)
W/System.err(23833): at dalvik.system.BlockGuard$WrappedNetworkSystem.write(BlockGuard.java:290)
W/System.err(23833): at org.apache.harmony.luni.net.PlainSocketImpl.write(PlainSocketImpl.java:462)
W/System.err(23833): at org.apache.harmony.luni.net.SocketOutputStream.write(SocketOutputStream.java:55)
W/System.err(23833): at java.io.OutputStreamWriter.flush(OutputStreamWriter.java:165)
W/System.err(23833): at java.io.PrintWriter.flush(PrintWriter.java:270)
W/System.err(23833): at tallus.utils.TCPClient.Send(TCPClient.java:199)
W/System.err(23833): at tallus.utils.TCPClient.SendRaw(TCPClient.java:191)
W/System.err(23833): at tallus.android.sagetv.service.STVServer.myDelete(STVServer.java:148)
W/System.err(23833): at tallus.android.sagetv.service.STVServer$MyServiceBinder.delete(STVServer.java:208)
W/System.err(23833): at tallus.android.sagetv.show.ShowDetails$1.onClick(ShowDetails.java:277)
W/System.err(23833): at android.view.View.performClick(View.java:3110)
W/System.err(23833): at android.view.View$PerformClick.run(View.java:11934)
W/System.err(23833): at android.os.Handler.handleCallback(Handler.java:587)
W/System.err(23833): at android.os.Handler.dispatchMessage(Handler.java:92)
W/System.err(23833): at android.os.Looper.loop(Looper.java:132)
W/System.err(23833): at android.app.ActivityThread.main(ActivityThread.java:4123)
W/System.err(23833): at java.lang.reflect.Method.invokeNative(Native Method)
W/System.err(23833): at java.lang.reflect.Method.invoke(Method.java:491)
W/System.err(23833): at com.android.internal.os.ZygoteInit$MethodAndArgsCaller.run(ZygoteInit.java:841)
W/System.err(23833): at com.android.internal.os.ZygoteInit.main(ZygoteInit.java:599)
W/System.err(23833): at dalvik.system.NativeStart.main(Native Method)
I/MainActivity(23833): Time to reconnect!
D/dalvikvm(23833): GC_CONCURRENT freed 898K, 19% free 9297K/11463K, paused 3ms+3ms
D/dalvikvm(24089): GC_CONCURRENT freed 2065K, 34% free 14923K/22279K, paused 5ms+4ms
D/dalvikvm(24089): GC_FOR_ALLOC freed 1876K, 33% free 15017K/22279K, paused 47ms
D/dalvikvm(24089): GC_CONCURRENT freed 52K, 32% free 15303K/22279K, paused 3ms+4ms
D/dalvikvm(24089): GC_FOR_ALLOC freed 2088K, 32% free 15212K/22279K, paused 68ms
D/dalvikvm(24089): GC_CONCURRENT freed 113K, 32% free 15307K/22279K, paused 3ms+7ms
I/ImageLoader(23833): No match: 5078606-128 != 5078583-128
D/dalvikvm(23833): GC_CONCURRENT freed 1135K, 21% free 9137K/11463K, paused 2ms+8ms
D/dalvikvm(24089): GC_CONCURRENT freed 2473K, 34% free 14846K/22279K, paused 6ms+6ms
D/dalvikvm(24089): GC_CONCURRENT freed 2067K, 34% free 14826K/22279K, paused 5ms+3ms
D/dalvikvm(24089): GC_CONCURRENT freed 1884K, 33% free 14933K/22279K, paused 11ms+5ms
D/dalvikvm(23833): GC_CONCURRENT freed 953K, 22% free 9015K/11463K, paused 3ms+4ms
D/dalvikvm(24089): GC_CONCURRENT freed 1875K, 33% free 15104K/22279K, paused 4ms+5ms
D/dalvikvm(24089): GC_CONCURRENT freed 1914K, 32% free 15212K/22279K, paused 7ms+4ms
D/dalvikvm(24089): GC_CONCURRENT freed 2117K, 33% free 15119K/22279K, paused 5ms+3ms
D/dalvikvm(24089): GC_CONCURRENT freed 2289K, 34% free 14752K/22279K, paused 2ms+3ms
D/dalvikvm(24089): GC_CONCURRENT freed 2106K, 35% free 14656K/22279K, paused 7ms+5ms
D/dalvikvm(24089): GC_CONCURRENT freed 1880K, 34% free 14751K/22279K, paused 10ms+5ms
D/dalvikvm(24089): GC_CONCURRENT freed 1912K, 34% free 14847K/22279K, paused 4ms+5ms
D/dalvikvm(24089): GC_CONCURRENT freed 2071K, 34% free 14752K/22279K, paused 6ms+5ms
D/dalvikvm(24089): GC_CONCURRENT freed 1876K, 34% free 14923K/22279K, paused 6ms+4ms
D/dalvikvm(23833): GC_CONCURRENT freed 783K, 21% free 9082K/11463K, paused 3ms+4ms
D/dalvikvm(24089): GC_CONCURRENT freed 1916K, 33% free 15029K/22279K, paused 22ms+5ms
D/dalvikvm(24089): GC_CONCURRENT freed 2067K, 33% free 15009K/22279K, paused 4ms+4ms
D/dalvikvm(24089): GC_CONCURRENT freed 1928K, 33% free 15117K/22279K, paused 7ms+3ms
D/dalvikvm(24089): GC_CONCURRENT freed 2059K, 33% free 15106K/22279K, paused 3ms+3ms
D/dalvikvm(24089): GC_CONCURRENT freed 2143K, 33% free 15011K/22279K, paused 6ms+3ms
D/dalvikvm(18105): GC_EXPLICIT freed 1033K, 31% free 9805K/14087K, paused 3ms+3ms
I/MainActivity(23833): Width = 304
I/MainActivity(23833): Image URL: http://192.168.0.12:8080/sagex/media/thumbnail/, file = 5078571-304
I/MainActivity(23833): Time to reconnect!
D/dalvikvm(24089): GC_CONCURRENT freed 2075K, 33% free 14934K/22279K, paused 7ms+6ms
I/ActivityManager( 138): Displayed tallus.android.sagetv/.show.ShowDetails: +384ms
D/dalvikvm(24089): GC_CONCURRENT freed 1876K, 33% free 15105K/22279K, paused 3ms+3ms
D/dalvikvm(24089): GC_CONCURRENT freed 2336K, 34% free 14753K/22279K, paused 2ms+4ms
D/dalvikvm(24089): GC_CONCURRENT freed 1878K, 34% free 14922K/22279K, paused 3ms+3ms
I/TASageTV(23833): Sending: WSS:5078571
W/System.err(23833): android.os.NetworkOnMainThreadException
W/System.err(23833): at android.os.StrictMode$AndroidBlockGuardPolicy.onNetwork(StrictMode.java:1077)
W/System.err(23833): at dalvik.system.BlockGuard$WrappedNetworkSystem.write(BlockGuard.java:290)
W/System.err(23833): at org.apache.harmony.luni.net.PlainSocketImpl.write(PlainSocketImpl.java:462)
W/System.err(23833): at org.apache.harmony.luni.net.SocketOutputStream.write(SocketOutputStream.java:55)
W/System.err(23833): at java.io.OutputStreamWriter.flush(OutputStreamWriter.java:165)
W/System.err(23833): at java.io.PrintWriter.flush(PrintWriter.java:270)
W/System.err(23833): at tallus.utils.TCPClient.Send(TCPClient.java:199)
W/System.err(23833): at tallus.utils.TCPClient.SendRaw(TCPClient.java:191)
W/System.err(23833): at tallus.utils.TCPClient$BaseServiceBinder.send(TCPClient.java:99)
W/System.err(23833): at tallus.android.sagetv.show.ShowDetails$1.onClick(ShowDetails.java:281)
W/System.err(23833): at android.view.View.performClick(View.java:3110)
W/System.err(23833): at android.view.View$PerformClick.run(View.java:11934)
W/System.err(23833): at android.os.Handler.handleCallback(Handler.java:587)
W/System.err(23833): at android.os.Handler.dispatchMessage(Handler.java:92)
W/System.err(23833): at android.os.Looper.loop(Looper.java:132)
W/System.err(23833): at android.app.ActivityThread.main(ActivityThread.java:4123)
W/System.err(23833): at java.lang.reflect.Method.invokeNative(Native Method)
W/System.err(23833): at java.lang.reflect.Method.invoke(Method.java:491)
W/System.err(23833): at com.android.internal.os.ZygoteInit$MethodAndArgsCaller.run(ZygoteInit.java:841)
W/System.err(23833): at com.android.internal.os.ZygoteInit.main(ZygoteInit.java:599)
W/System.err(23833): at dalvik.system.NativeStart.main(Native Method)
D/dalvikvm(23833): GC_FOR_ALLOC freed 525K, 21% free 9121K/11463K, paused 30ms
I/dalvikvm-heap(23833): Grow heap (frag case) to 9.728MB for 786448-byte allocation
D/dalvikvm(23833): GC_FOR_ALLOC freed 217K, 22% free 9672K/12295K, paused 25ms
I/MainActivity(23833): Update client selection
I/MainActivity(23833): Update client selection
I/MainActivity(23833): Time to reconnect!
D/dalvikvm(24089): GC_CONCURRENT freed 1885K, 33% free 15025K/22279K, paused 3ms+5ms
I/ActivityManager( 138): Displayed tallus.android.sagetv/.show.ShowControl: +506ms
D/dalvikvm(24089): GC_CONCURRENT freed 2137K, 33% free 14931K/22279K, paused 2ms+4ms
D/dalvikvm(24089): GC_FOR_ALLOC freed 2066K, 34% free 14835K/22279K, paused 47ms
D/dalvikvm(24089): GC_CONCURRENT freed 16K, 32% free 15296K/22279K, paused 2ms+6ms
I/TASageTV(23833): Sending: PLM:BK1
W/System.err(23833): android.os.NetworkOnMainThreadException
W/System.err(23833): at android.os.StrictMode$AndroidBlockGuardPolicy.onNetwork(StrictMode.java:1077)
W/System.err(23833): at dalvik.system.BlockGuard$WrappedNetworkSystem.write(BlockGuard.java:290)
W/System.err(23833): at org.apache.harmony.luni.net.PlainSocketImpl.write(PlainSocketImpl.java:462)
W/System.err(23833): at org.apache.harmony.luni.net.SocketOutputStream.write(SocketOutputStream.java:55)
W/System.err(23833): at java.io.OutputStreamWriter.flush(OutputStreamWriter.java:165)
W/System.err(23833): at java.io.PrintWriter.flush(PrintWriter.java:270)
W/System.err(23833): at tallus.utils.TCPClient.Send(TCPClient.java:199)
W/System.err(23833): at tallus.utils.TCPClient.SendRaw(TCPClient.java:191)
W/System.err(23833): at tallus.utils.TCPClient$BaseServiceBinder.send(TCPClient.java:99)
W/System.err(23833): at tallus.android.sagetv.show.ShowControl$1.onClick(ShowControl.java:228)
W/System.err(23833): at android.view.View.performClick(View.java:3110)
W/System.err(23833): at android.view.View$PerformClick.run(View.java:11934)
W/System.err(23833): at android.os.Handler.handleCallback(Handler.java:587)
W/System.err(23833): at android.os.Handler.dispatchMessage(Handler.java:92)
W/System.err(23833): at android.os.Looper.loop(Looper.java:132)
W/System.err(23833): at android.app.ActivityThread.main(ActivityThread.java:4123)
W/System.err(23833): at java.lang.reflect.Method.invokeNative(Native Method)
W/System.err(23833): at java.lang.reflect.Method.invoke(Method.java:491)
W/System.err(23833): at com.android.internal.os.ZygoteInit$MethodAndArgsCaller.run(ZygoteInit.java:841)
W/System.err(23833): at com.android.internal.os.ZygoteInit.main(ZygoteInit.java:599)
W/System.err(23833): at dalvik.system.NativeStart.main(Native Method)
I/TASageTV(23833): Sending: PLM:BK1
W/System.err(23833): android.os.NetworkOnMainThreadException
W/System.err(23833): at android.os.StrictMode$AndroidBlockGuardPolicy.onNetwork(StrictMode.java:1077)
W/System.err(23833): at dalvik.system.BlockGuard$WrappedNetworkSystem.write(BlockGuard.java:290)
W/System.err(23833): at org.apache.harmony.luni.net.PlainSocketImpl.write(PlainSocketImpl.java:462)
W/System.err(23833): at org.apache.harmony.luni.net.SocketOutputStream.write(SocketOutputStream.java:55)
W/System.err(23833): at java.io.OutputStreamWriter.flush(OutputStreamWriter.java:165)
W/System.err(23833): at java.io.PrintWriter.flush(PrintWriter.java:270)
W/System.err(23833): at tallus.utils.TCPClient.Send(TCPClient.java:199)
W/System.err(23833): at tallus.utils.TCPClient.SendRaw(TCPClient.java:191)
W/System.err(23833): at tallus.utils.TCPClient$BaseServiceBinder.send(TCPClient.java:99)
W/System.err(23833): at tallus.android.sagetv.show.ShowControl$1.onClick(ShowControl.java:228)
W/System.err(23833): at android.view.View.performClick(View.java:3110)
W/System.err(23833): at android.view.View$PerformClick.run(View.java:11934)
W/System.err(23833): at android.os.Handler.handleCallback(Handler.java:587)
W/System.err(23833): at android.os.Handler.dispatchMessage(Handler.java:92)
W/System.err(23833): at android.os.Looper.loop(Looper.java:132)
W/System.err(23833): at android.app.ActivityThread.main(ActivityThread.java:4123)
W/System.err(23833): at java.lang.reflect.Method.invokeNative(Native Method)
W/System.err(23833): at java.lang.reflect.Method.invoke(Method.java:491)
W/System.err(23833): at com.android.internal.os.ZygoteInit$MethodAndArgsCaller.run(ZygoteInit.java:841)
W/System.err(23833): at com.android.internal.os.ZygoteInit.main(ZygoteInit.java:599)
W/System.err(23833): at dalvik.system.NativeStart.main(Native Method)
D/dalvikvm(24089): GC_CONCURRENT freed 2563K, 34% free 14753K/22279K, paused 4ms+3ms
I/TASageTV(23833): Sending: PLM:Smooth RW
W/System.err(23833): android.os.NetworkOnMainThreadException
W/System.err(23833): at android.os.StrictMode$AndroidBlockGuardPolicy.onNetwork(StrictMode.java:1077)
W/System.err(23833): at dalvik.system.BlockGuard$WrappedNetworkSystem.write(BlockGuard.java:290)
W/System.err(23833): at org.apache.harmony.luni.net.PlainSocketImpl.write(PlainSocketImpl.java:462)
W/System.err(23833): at org.apache.harmony.luni.net.SocketOutputStream.write(SocketOutputStream.java:55)
W/System.err(23833): at java.io.OutputStreamWriter.flush(OutputStreamWriter.java:165)
W/System.err(23833): at java.io.OutputStreamWriter.convert(OutputStreamWriter.java:229)
W/System.err(23833): at java.io.OutputStreamWriter.write(OutputStreamWriter.java:218)
W/System.err(23833): at java.io.PrintWriter.doWrite(PrintWriter.java:690)
W/System.err(23833): at java.io.PrintWriter.write(PrintWriter.java:665)
W/System.err(23833): at java.io.PrintWriter.write(PrintWriter.java:640)
W/System.err(23833): at java.io.PrintWriter.write(PrintWriter.java:708)
W/System.err(23833): at java.io.PrintWriter.print(PrintWriter.java:468)
W/System.err(23833): at tallus.utils.TCPClient.Send(TCPClient.java:198)
W/System.err(23833): at tallus.utils.TCPClient.SendRaw(TCPClient.java:191)
W/System.err(23833): at tallus.utils.TCPClient$BaseServiceBinder.send(TCPClient.java:99)
W/System.err(23833): at tallus.android.sagetv.show.ShowControl$1.onClick(ShowControl.java:230)
W/System.err(23833): at android.view.View.performClick(View.java:3110)
W/System.err(23833): at android.view.View$PerformClick.run(View.java:11934)
W/System.err(23833): at android.os.Handler.handleCallback(Handler.java:587)
W/System.err(23833): at android.os.Handler.dispatchMessage(Handler.java:92)
W/System.err(23833): at android.os.Looper.loop(Looper.java:132)
W/System.err(23833): at android.app.ActivityThread.main(ActivityThread.java:4123)
W/System.err(23833): at java.lang.reflect.Method.invokeNative(Native Method)
W/System.err(23833): at java.lang.reflect.Method.invoke(Method.java:491)
W/System.err(23833): at com.android.internal.os.ZygoteInit$MethodAndArgsCaller.run(ZygoteInit.java:841)
W/System.err(23833): at com.android.internal.os.ZygoteInit.main(ZygoteInit.java:599)
W/System.err(23833): at dalvik.system.NativeStart.main(Native Method)
D/dalvikvm(24089): GC_CONCURRENT freed 1878K, 34% free 14922K/22279K, paused 7ms+3ms
I/MainActivity(23833): Changing view to: android.widget.ImageButton@408dc1c8
D/dalvikvm(24089): GC_CONCURRENT freed 1923K, 33% free 15022K/22279K, paused 4ms+4ms
D/dalvikvm(24089): GC_CONCURRENT freed 2104K, 33% free 14941K/22279K, paused 4ms+3ms
D/dalvikvm(24089): GC_CONCURRENT freed 1851K, 33% free 15125K/22279K, paused 8ms+6ms
D/dalvikvm(24089): GC_CONCURRENT freed 2093K, 33% free 15114K/22279K, paused 3ms+4ms
D/dalvikvm(24089): GC_CONCURRENT freed 1909K, 33% free 15133K/22279K, paused 3ms+3ms
I/MainActivity(23833): Time to reconnect!
D/dalvikvm(24089): GC_CONCURRENT freed 1860K, 32% free 15307K/22279K, paused 7ms+4ms
I/MainActivity(23833): Time to reconnect!
D/dalvikvm(23833): GC_CONCURRENT freed 881K, 20% free 9925K/12295K, paused 2ms+3ms
D/dalvikvm(24089): GC_CONCURRENT freed 2322K, 33% free 15020K/22279K, paused 5ms+6ms
I/MainActivity(23833): Time to reconnect!
D/dalvikvm(24089): GC_CONCURRENT freed 1878K, 32% free 15201K/22279K, paused 3ms+7ms
D/dalvikvm(24089): GC_CONCURRENT freed 1922K, 32% free 15305K/22279K, paused 8ms+3ms
D/dalvikvm(24089): GC_FOR_ALLOC freed 2073K, 32% free 15213K/22279K, paused 53ms
D/dalvikvm(24089): GC_CONCURRENT freed 125K, 32% free 15309K/22279K, paused 3ms+8ms
D/dalvikvm(24089): GC_FOR_ALLOC freed 2435K, 34% free 14839K/22279K, paused 52ms
D/dalvikvm(24089): GC_CONCURRENT freed 54K, 32% free 15306K/22279K, paused 2ms+4ms
D/dalvikvm(24089): GC_FOR_ALLOC freed 2070K, 32% free 15204K/22279K, paused 49ms
D/dalvikvm(24089): GC_CONCURRENT freed 129K, 32% free 15313K/22279K, paused 2ms+5ms
D/dalvikvm(24089): GC_CONCURRENT freed 2479K, 34% free 14846K/22279K, paused 11ms+5ms
D/dalvikvm(24089): GC_CONCURRENT freed 2070K, 34% free 14837K/22279K, paused 3ms+4ms
I/TASageTV(23833): Releasing the services...
D/dalvikvm(24089): GC_CONCURRENT freed 1876K, 33% free 15009K/22279K, paused 10ms+5ms
I/TASageTV(23833): Closing the TCP client
I/TASageTV(23833): Closing the TCP client
E/TASageTV(23833): [0023a50003cf] Lost connection...
D/dalvikvm( 138): GC_CONCURRENT freed 1814K, 37% free 18296K/28615K, paused 3ms+9ms
E/TASageTV(23833): [Server] Lost connection...
D/dalvikvm(24089): GC_CONCURRENT freed 1919K, 33% free 15126K/22279K, paused 6ms+6ms
E/TASageTV(23833): [0023a50003cf] Lost connection...
D/dalvikvm(24089): GC_CONCURRENT freed 2333K, 34% free 14840K/22279K, paused 4ms+4ms
D/dalvikvm(24089): GC_FOR_ALLOC freed 1614K, 32% free 15202K/22279K, paused 50ms
D/dalvikvm(24089): GC_CONCURRENT freed 90K, 32% free 15305K/22279K, paused 2ms+5ms
D/dalvikvm(24089): GC_FOR_ALLOC freed 2475K, 34% free 14833K/22279K, paused 46ms
D/dalvikvm(24089): GC_CONCURRENT freed 50K, 33% free 15123K/22279K, paused 2ms+6ms
D/dalvikvm(24089): GC_CONCURRENT freed 2308K, 34% free 14849K/22279K, paused 2ms+4ms
D/dalvikvm(24089): GC_CONCURRENT freed 1874K, 33% free 15023K/22279K, paused 3ms+4ms
D/dalvikvm(24089): GC_CONCURRENT freed 1932K, 33% free 15128K/22279K, paused 6ms+4ms
D/dalvikvm(24089): GC_CONCURRENT freed 2056K, 33% free 15119K/22279K, paused 4ms+3ms
D/dalvikvm(24089): GC_CONCURRENT freed 2145K, 33% free 15021K/22279K, paused 5ms+5ms
D/dalvikvm(24089): GC_CONCURRENT freed 2104K, 33% free 14941K/22279K, paused 9ms+4ms
D/dalvikvm(23833): GC_EXPLICIT freed 1233K, 22% free 9619K/12295K, paused 2ms+6ms
D/dalvikvm(24089): GC_CONCURRENT freed 2065K, 34% free 14923K/22279K, paused 9ms+3ms
D/dalvikvm(24089): GC_CONCURRENT freed 1920K, 33% free 15037K/22279K, paused 6ms+8ms
D/dalvikvm(24089): GC_CONCURRENT freed 2069K, 33% free 15015K/22279K, paused 6ms+6ms
D/dalvikvm(24089): GC_CONCURRENT freed 1919K, 33% free 15123K/22279K, paused 9ms+6ms
D/dalvikvm(24089): GC_FOR_ALLOC freed 2065K, 33% free 15022K/22279K, paused 37ms
D/dalvikvm(24089): GC_CONCURRENT freed 93K, 32% free 15305K/22279K, paused 2ms+4ms
D/dalvikvm(24089): GC_FOR_ALLOC freed 2251K, 33% free 15023K/22279K, paused 45ms
D/dalvikvm(24089): GC_CONCURRENT freed 93K, 32% free 15307K/22279K, paused 2ms+5ms
E/TelephonyManager(23833): Hidden constructor called more than once per process!
E/TelephonyManager(23833): Original: tallus.android.sagetv, new: tallus.android.sagetv
I/QLMLib (23833): Days = 4
I/MyMenu (23833): Reading the menu
I/TASageTV(23833): Starting TaSageTV version 2.17
I/System.out(23833): Client service bound
W/STVClient(23833): Set index: -1
I/TASageTV(23833): Server service bound
I/STVServer(23833): [Lineups] Using a database...
D/dalvikvm(24089): GC_FOR_ALLOC freed 2251K, 33% free 15020K/22279K, paused 42ms
D/dalvikvm(24089): GC_CONCURRENT freed 90K, 32% free 15312K/22279K, paused 4ms+7ms
I/ActivityManager( 138): Displayed tallus.android.sagetv/.TASageTV: +604ms
D/dalvikvm(24089): GC_CONCURRENT freed 2496K, 34% free 14850K/22279K, paused 7ms+3ms
I/STVServer(23833): Done reading the database
I/TASageTV(23833): Connected to 192.168.0.12:9260
I/TASageTV(23833): Starting TCP listen
D/dalvikvm(24089): GC_CONCURRENT freed 1874K, 33% free 15023K/22279K, paused 4ms+4ms
D/dalvikvm(24089): GC_CONCURRENT freed 1875K, 32% free 15195K/22279K, paused 5ms+3ms
D/dalvikvm(24089): GC_CONCURRENT freed 1927K, 32% free 15310K/22279K, paused 5ms+4ms
D/dalvikvm(24089): GC_CONCURRENT freed 2331K, 33% free 14934K/22279K, paused 3ms+3ms
D/dalvikvm(24089): GC_FOR_ALLOC freed 2063K, 34% free 14840K/22279K, paused 54ms
D/dalvikvm(24089): GC_CONCURRENT freed 56K, 32% free 15298K/22279K, paused 2ms+4ms
D/dalvikvm(24089): GC_CONCURRENT freed 2113K, 32% free 15232K/22279K, paused 8ms+3ms
D/dalvikvm(24089): GC_CONCURRENT freed 1960K, 32% free 15306K/22279K, paused 3ms+4ms
I/STVServer(23833): Done reading the database
I/TASageTV(23833): Sending: ANS:JSON2
I/TASageTV(23833): LOC
I/TASageTV(23833): MAX:-1
I/TASageTV(23833): SMS:0
I/TASageTV(23833): LED
I/TASageTV(23833): NED
I/TASageTV(23833): BTN
I/TASageTV(23833): SVP:0
I/TASageTV(23833): INI:Jacobs1
D/dalvikvm(24089): GC_CONCURRENT freed 2465K, 34% free 14849K/22279K, paused 8ms+3ms
I/dalvikvm(24089): Jit: resizing JitTable from 8192 to 16384
W/STVClient(23833): Set index: 1
I/TASageTV(23833): Connected to 192.168.0.12:9250
I/TASageTV(23833): Starting TCP listen
I/STVClient(23833): [0023a50003cf] Version = 2.3.1
I/TASageTV(23833): Sending: ANS:JSON
I/TASageTV(23833): LTP
I/TASageTV(23833): INI:Jacobs1
D/dalvikvm(24089): GC_CONCURRENT freed 2069K, 34% free 14826K/22279K, paused 7ms+4ms
D/dalvikvm(23833): GC_CONCURRENT freed 1279K, 24% free 9375K/12295K, paused 1ms+4ms
D/dalvikvm(24089): GC_CONCURRENT freed 1883K, 33% free 14933K/22279K, paused 3ms+4ms
D/dalvikvm(23833): GC_CONCURRENT freed 2510K, 37% free 7852K/12295K, paused 4ms+4ms
D/dalvikvm(24089): GC_CONCURRENT freed 1876K, 33% free 15105K/22279K, paused 8ms+3ms
D/dalvikvm(24089): GC_CONCURRENT freed 2138K, 33% free 15015K/22279K, paused 3ms+3ms
D/dalvikvm(23833): GC_CONCURRENT freed 557K, 37% free 7785K/12295K, paused 2ms+3ms
D/dalvikvm(24089): GC_CONCURRENT freed 2078K, 33% free 14934K/22279K, paused 4ms+4ms
D/dalvikvm(24089): GC_CONCURRENT freed 1876K, 33% free 15104K/22279K, paused 2ms+4ms
D/dalvikvm(24089): GC_CONCURRENT freed 1919K, 32% free 15229K/22279K, paused 4ms+4ms
D/dalvikvm(23833): GC_CONCURRENT freed 456K, 37% free 7840K/12295K, paused 7ms+3ms
D/dalvikvm(23833): GC_CONCURRENT freed 463K, 37% free 7867K/12295K, paused 4ms+4ms
D/dalvikvm(23833): GC_CONCURRENT freed 433K, 37% free 7863K/12295K, paused 2ms+4ms
D/dalvikvm(24089): GC_CONCURRENT freed 2108K, 33% free 15123K/22279K, paused 2ms+3ms
D/dalvikvm(23833): GC_CONCURRENT freed 542K, 37% free 7852K/12295K, paused 3ms+3ms
D/dalvikvm(23833): GC_CONCURRENT freed 481K, 37% free 7840K/12295K, paused 3ms+3ms
D/dalvikvm(24089): GC_CONCURRENT freed 2294K, 34% free 14838K/22279K, paused 2ms+3ms
D/dalvikvm(23833): GC_CONCURRENT freed 406K, 37% free 7857K/12295K, paused 2ms+2ms
D/dalvikvm(23833): GC_CONCURRENT freed 517K, 36% free 7870K/12295K, paused 2ms+3ms
D/dalvikvm(24089): GC_CONCURRENT freed 1921K, 33% free 14941K/22279K, paused 2ms+4ms
D/dalvikvm(23833): GC_CONCURRENT freed 510K, 36% free 7874K/12295K, paused 3ms+3ms
D/dalvikvm(23833): GC_CONCURRENT freed 546K, 37% free 7866K/12295K, paused 3ms+3ms
D/dalvikvm(24089): GC_CONCURRENT freed 2064K, 34% free 14924K/22279K, paused 2ms+5ms
D/dalvikvm(23833): GC_CONCURRENT freed 541K, 37% free 7857K/12295K, paused 3ms+3ms
D/dalvikvm(24089): GC_CONCURRENT freed 1919K, 33% free 15026K/22279K, paused 8ms+4ms
D/dalvikvm(24089): GC_CONCURRENT freed 2068K, 33% free 15122K/22279K, paused 7ms+3ms
D/dalvikvm(23833): GC_CONCURRENT freed 487K, 36% free 7876K/12295K, paused 2ms+4ms
D/dalvikvm(23833): GC_CONCURRENT freed 453K, 37% free 7867K/12295K, paused 2ms+3ms
D/dalvikvm(24089): GC_CONCURRENT freed 2109K, 33% free 15019K/22279K, paused 3ms+3ms
D/dalvikvm(23833): GC_CONCURRENT freed 584K, 37% free 7816K/12295K, paused 3ms+3ms
D/dalvikvm(23833): GC_CONCURRENT freed 474K, 37% free 7838K/12295K, paused 3ms+4ms
D/dalvikvm(23833): GC_CONCURRENT freed 408K, 37% free 7859K/12295K, paused 2ms+3ms
D/dalvikvm(24089): GC_CONCURRENT freed 1931K, 33% free 15133K/22279K, paused 17ms+4ms
D/dalvikvm(24089): GC_CONCURRENT freed 2060K, 33% free 15120K/22279K, paused 4ms+3ms
D/dalvikvm(24089): GC_FOR_ALLOC freed 1911K, 32% free 15212K/22279K, paused 39ms
D/dalvikvm(24089): GC_CONCURRENT freed 87K, 32% free 15318K/22279K, paused 2ms+5ms
D/dalvikvm(24089): GC_FOR_ALLOC freed 2443K, 34% free 14838K/22279K, paused 54ms
D/dalvikvm(24089): GC_CONCURRENT freed 54K, 32% free 15305K/22279K, paused 2ms+4ms
D/dalvikvm(24089): GC_CONCURRENT freed 2181K, 33% free 15145K/22279K, paused 2ms+4ms
D/dalvikvm(24089): GC_CONCURRENT freed 2450K, 34% free 14741K/22279K, paused 7ms+3ms
I/ShowGuide(23833): Set the days
I/ShowGuide(23833): Set the lineups
I/ShowGuide(23833): Refreshing the listview
D/dalvikvm(23833): GC_CONCURRENT freed 560K, 37% free 7771K/12295K, paused 1ms+4ms
I/MainActivity(23833): Time to reconnect!
D/dalvikvm(24089): GC_CONCURRENT freed 1882K, 34% free 14837K/22279K, paused 3ms+3ms
D/AndroidRuntime(23833): Shutting down VM
W/dalvikvm(23833): threadid=1: thread exiting with uncaught exception (group=0x40119760)
D/dalvikvm(24089): GC_CONCURRENT freed 1918K, 33% free 14941K/22279K, paused 8ms+4ms
D/dalvikvm(24089): GC_CONCURRENT freed 1880K, 33% free 15108K/22279K, paused 4ms+3ms
D/dalvikvm(24089): GC_CONCURRENT freed 2292K, 34% free 14838K/22279K, paused 5ms+4ms
D/dalvikvm(24089): GC_CONCURRENT freed 1881K, 33% free 14933K/22279K, paused 2ms+3ms
D/dalvikvm(24089): GC_FOR_ALLOC freed 1880K, 33% free 15024K/22279K, paused 51ms
D/dalvikvm(24089): GC_CONCURRENT freed 89K, 32% free 15307K/22279K, paused 2ms+4ms
I/Process (23833): Sending signal. PID: 23833 SIG: 9
E/InputDispatcher( 138): channel '4163d240 tallus.android.sagetv/tallus.android.sagetv.TASageTV (server)' ~ Consumer closed input channel or an error occurred. events=0x8
E/InputDispatcher( 138): channel '4163d240 tallus.android.sagetv/tallus.android.sagetv.TASageTV (server)' ~ Channel is unrecoverably broken and will be disposed!
E/InputDispatcher( 138): channel '41c27d70 tallus.android.sagetv/tallus.android.sagetv.show.ShowGuide (server)' ~ Consumer closed input channel or an error occurred. events=0x8
E/InputDispatcher( 138): channel '41c27d70 tallus.android.sagetv/tallus.android.sagetv.show.ShowGuide (server)' ~ Channel is unrecoverably broken and will be disposed!
D/gralloc ( 86): Attempting to delete a locked buffer!
D/gralloc ( 86): Buffer 26 locks: (tid = 23833 (x1), usage = 0x200)
D/dalvikvm(24089): GC_CONCURRENT freed 2516K, 34% free 14838K/22279K, paused 7ms+4ms
D/dalvikvm(24089): GC_CONCURRENT freed 1656K, 32% free 15229K/22279K, paused 4ms+3ms
D/dalvikvm(24089): GC_CONCURRENT freed 2148K, 33% free 15129K/22279K, paused 4ms+3ms
D/dalvikvm(24089): GC_CONCURRENT freed 2069K, 33% free 15107K/22279K, paused 4ms+3ms
D/dalvikvm(24089): GC_CONCURRENT freed 2293K, 34% free 14838K/22279K, paused 5ms+5ms
D/dalvikvm(24089): GC_CONCURRENT freed 1921K, 33% free 14941K/22279K, paused 2ms+7ms
D/AndroidRuntime(24417): Shutting down VM
W/dalvikvm(24417): threadid=1: thread exiting with uncaught exception (group=0x40119760)
D/dalvikvm(24089): GC_CONCURRENT freed 2064K, 33% free 14929K/22279K, paused 4ms+5ms
D/dalvikvm(24089): GC_CONCURRENT freed 2109K, 34% free 14837K/22279K, paused 6ms+3ms
D/dalvikvm(24089): GC_CONCURRENT freed 1876K, 33% free 15008K/22279K, paused 8ms+5ms
I/Process (24417): Sending signal. PID: 24417 SIG: 9
D/dalvikvm(24089): GC_CONCURRENT freed 1923K, 33% free 15123K/22279K, paused 4ms+3ms
D/dalvikvm(24089): GC_CONCURRENT freed 2064K, 33% free 15106K/22279K, paused 4ms+3ms
D/dalvikvm(24089): GC_CONCURRENT freed 2119K, 33% free 15030K/22279K, paused 4ms+6ms
D/dalvikvm(24089): GC_CONCURRENT freed 1948K, 33% free 15129K/22279K, paused 7ms+5ms
D/AndroidRuntime(24425): Shutting down VM
W/dalvikvm(24425): threadid=1: thread exiting with uncaught exception (group=0x40119760)
D/dalvikvm( 138): GC_CONCURRENT freed 1434K, 35% free 18849K/28615K, paused 5ms+7ms
D/dalvikvm(24089): GC_CONCURRENT freed 2301K, 34% free 14839K/22279K, paused 4ms+6ms
D/dalvikvm(24089): GC_CONCURRENT freed 1680K, 33% free 15136K/22279K, paused 2ms+3ms
I/Process (24425): Sending signal. PID: 24425 SIG: 9
D/dalvikvm(24089): GC_CONCURRENT freed 2258K, 34% free 14922K/22279K, paused 9ms+3ms
D/dalvikvm(24089): GC_CONCURRENT freed 1727K, 33% free 15135K/22279K, paused 16ms+5ms
D/dalvikvm(24089): GC_FOR_ALLOC freed 2291K, 34% free 14844K/22279K, paused 62ms
D/dalvikvm(24089): GC_CONCURRENT freed 11K, 33% free 15127K/22279K, paused 3ms+11ms
D/dalvikvm( 780): GC_CONCURRENT freed 449K, 9% free 7718K/8391K, paused 3ms+5ms
D/dalvikvm(24089): GC_FOR_ALLOC freed 2071K, 33% free 15019K/22279K, paused 53ms
D/dalvikvm(24089): GC_CONCURRENT freed 90K, 32% free 15311K/22279K, paused 2ms+5ms
D/dalvikvm(24089): GC_CONCURRENT freed 2484K, 34% free 14753K/22279K, paused 3ms+4ms
D/dalvikvm(24089): GC_CONCURRENT freed 1878K, 34% free 14920K/22279K, paused 3ms+5ms
D/dalvikvm(24089): GC_FOR_ALLOC freed 1885K, 33% free 15025K/22279K, paused 53ms
D/dalvikvm(24089): GC_CONCURRENT freed 48K, 32% free 15299K/22279K, paused 3ms+4ms
D/dalvikvm(24089): GC_CONCURRENT freed 2368K, 33% free 14950K/22279K, paused 4ms+4ms
D/dalvikvm( 87): GC_EXPLICIT freed 12K, 5% free 6291K/6595K, paused 20ms+2ms
D/dalvikvm( 87): GC_EXPLICIT freed <1K, 5% free 6291K/6595K, paused 1ms+2ms
D/dalvikvm( 87): GC_EXPLICIT freed <1K, 5% free 6291K/6595K, paused 1ms+2ms
D/dalvikvm(24435): GC_FOR_ALLOC freed 86K, 3% free 6485K/6663K, paused 34ms
I/dalvikvm-heap(24435): Grow heap (frag case) to 6.879MB for 513744-byte allocation
D/dalvikvm(24435): GC_CONCURRENT freed 0K, 3% free 6987K/7175K, paused 3ms+4ms
W/System.err(24435): Removed 2131689821
W/System.err(24435): Removed 2131689822
D/LocalBluetoothProfileManager(24435): Adding local A2DP profile
D/LocalBluetoothProfileManager(24435): Adding local HEADSET profile
D/LocalBluetoothProfileManager(24435): Adding local OPP profile
D/LocalBluetoothProfileManager(24435): LocalBluetoothProfileManager construction complete
V/NFC (24435): this device does not have NFC support
D/dalvikvm(24089): GC_CONCURRENT freed 1668K, 32% free 15330K/22279K, paused 15ms+8ms
D/libEGL (24435): loaded /system/lib/egl/libGLES_android.so
D/libEGL (24435): loaded /system/lib/egl/libEGL_tegra.so
D/dalvikvm(24435): GC_CONCURRENT freed 120K, 4% free 7259K/7495K, paused 3ms+2ms
D/libEGL (24435): loaded /system/lib/egl/libGLESv1_CM_tegra.so
D/libEGL (24435): loaded /system/lib/egl/libGLESv2_tegra.so
D/OpenGLRenderer(24435): Creating OpenGL renderer caches
D/OpenGLRenderer(24435): Enabling debug mode 0
D/OpenGLRenderer(24435): Layers will be composited as regions
I/ActivityManager( 138): Displayed com.android.settings/.Settings: +787ms (total +18s350ms)
D/dalvikvm(24089): GC_FOR_ALLOC freed 2467K, 34% free 14838K/22279K, paused 67ms
D/dalvikvm(24089): GC_CONCURRENT freed 54K, 32% free 15305K/22279K, paused 3ms+4ms
D/dalvikvm(24089): GC_CONCURRENT freed 2126K, 32% free 15226K/22279K, paused 5ms+6ms
D/dalvikvm(24089): GC_CONCURRENT freed 2317K, 33% free 14945K/22279K, paused 5ms+5ms
D/dalvikvm(24435): GC_CONCURRENT freed 186K, 4% free 7507K/7815K, paused 2ms+2ms
D/dalvikvm(24089): GC_CONCURRENT freed 1855K, 33% free 15125K/22279K, paused 3ms+3ms
D/dalvikvm(24089): GC_CONCURRENT freed 2149K, 33% free 15024K/22279K, paused 7ms+3ms
D/dalvikvm(24089): GC_CONCURRENT freed 2282K, 34% free 14753K/22279K, paused 8ms+3ms
I/ManageApplications(24435): onCreateOptionsMenu in ManageApplications{40830c60 #0 id=0x102029a}: com.android.internal.view.menu.MenuBuilder@40866c28
I/ManageApplications(24435): onCreateOptionsMenu in ManageApplications{40830c60 #0 id=0x102029a}: com.android.internal.view.menu.MenuBuilder@40866c28
D/dalvikvm(24435): GC_CONCURRENT freed 189K, 4% free 7838K/8135K, paused 2ms+3ms
D/dalvikvm(24089): GC_CONCURRENT freed 1877K, 34% free 14922K/22279K, paused 2ms+4ms
D/dalvikvm(24435): GC_CONCURRENT freed 297K, 5% free 7981K/8391K, paused 2ms+4ms
D/dalvikvm(24435): GC_FOR_ALLOC freed 96K, 4% free 8316K/8647K, paused 33ms
D/dalvikvm(24089): GC_CONCURRENT freed 1925K, 33% free 15020K/22279K, paused 5ms+5ms
D/dalvikvm(23514): GC_CONCURRENT freed 421K, 8% free 6379K/6919K, paused 2ms+4ms
D/dalvikvm(24089): GC_CONCURRENT freed 1851K, 32% free 15216K/22279K, paused 3ms+8ms
D/dalvikvm(24089): GC_CONCURRENT freed 1945K, 32% free 15330K/22279K, paused 5ms+9ms
D/dalvikvm( 138): GC_EXPLICIT freed 1256K, 35% free 18600K/28615K, paused 3ms+10ms
D/dalvikvm(24089): GC_CONCURRENT freed 2522K, 34% free 14841K/22279K, paused 2ms+3ms
D/dalvikvm(23514): GC_CONCURRENT freed 408K, 8% free 6400K/6919K, paused 2ms+3ms
D/dalvikvm(24435): GC_CONCURRENT freed 224K, 4% free 8793K/9095K, paused 3ms+4ms
D/dalvikvm(24089): GC_CONCURRENT freed 2063K, 34% free 14751K/22279K, paused 3ms+4ms
D/dalvikvm(24089): GC_CONCURRENT freed 1878K, 34% free 14837K/22279K, paused 3ms+4ms
D/dalvikvm( 138): GC_EXPLICIT freed 1038K, 36% free 18341K/28615K, paused 3ms+6ms
D/dalvikvm(23514): GC_CONCURRENT freed 399K, 8% free 6406K/6919K, paused 2ms+2ms
D/dalvikvm(24089): GC_CONCURRENT freed 1917K, 33% free 14942K/22279K, paused 3ms+10ms
D/dalvikvm(24089): GC_CONCURRENT freed 2066K, 34% free 14924K/22279K, paused 6ms+6ms
D/dalvikvm( 138): GC_EXPLICIT freed 680K, 36% free 18353K/28615K, paused 3ms+6ms
D/dalvikvm(24089): GC_CONCURRENT freed 2108K, 34% free 14838K/22279K, paused 4ms+3ms
D/dalvikvm(24089): GC_CONCURRENT freed 1909K, 33% free 14948K/22279K, paused 3ms+5ms
D/dalvikvm(24089): GC_CONCURRENT freed 1890K, 33% free 15106K/22279K, paused 5ms+3ms
D/dalvikvm(24089): GC_CONCURRENT freed 2104K, 33% free 15027K/22279K, paused 3ms+4ms
D/dalvikvm(24089): GC_CONCURRENT freed 2069K, 33% free 15119K/22279K, paused 4ms+5ms
I/ManageApplications(24435): onCreateOptionsMenu in ManageApplications{40830c60 #0 id=0x102029a}: com.android.internal.view.menu.MenuBuilder@40866c28
I/ManageApplications(24435): onCreateOptionsMenu in ManageApplications{40830c60 #0 id=0x102029a}: com.android.internal.view.menu.MenuBuilder@40866c28
D/dalvikvm(24435): GC_CONCURRENT freed 500K, 7% free 9058K/9671K, paused 6ms+3ms
D/dalvikvm(23514): GC_CONCURRENT freed 405K, 8% free 6399K/6919K, paused 2ms+4ms
D/dalvikvm(24089): GC_CONCURRENT freed 2120K, 33% free 15046K/22279K, paused 2ms+3ms
D/dalvikvm(24089): GC_CONCURRENT freed 1881K, 32% free 15213K/22279K, paused 3ms+5ms
D/dalvikvm( 138): GC_EXPLICIT freed 874K, 36% free 18479K/28615K, paused 5ms+10ms
D/dalvikvm(23514): GC_CONCURRENT freed 409K, 8% free 6395K/6919K, paused 2ms+4ms
D/dalvikvm(24089): GC_CONCURRENT freed 1945K, 32% free 15315K/22279K, paused 2ms+6ms
D/dalvikvm(24089): GC_CONCURRENT freed 2524K, 33% free 15128K/22279K, paused 3ms+4ms
D/dalvikvm(24089): GC_CONCURRENT freed 2075K, 33% free 15019K/22279K, paused 2ms+5ms
D/dalvikvm(24089): GC_CONCURRENT freed 1930K, 33% free 15133K/22279K, paused 8ms+5ms
D/dalvikvm(24089): GC_CONCURRENT freed 2061K, 33% free 15120K/22279K, paused 5ms+6ms
D/dalvikvm(24089): GC_CONCURRENT freed 2137K, 33% free 15031K/22279K, paused 6ms+4ms
I/QLMLib (24744): Days = 4
I/MyMenu (24744): Reading the menu
D/dalvikvm(24744): GC_FOR_ALLOC freed 80K, 3% free 6472K/6663K, paused 32ms
I/dalvikvm-heap(24744): Grow heap (frag case) to 6.867MB for 513744-byte allocation
D/dalvikvm(24744): GC_FOR_ALLOC freed 9K, 3% free 6964K/7175K, paused 29ms
D/dalvikvm(24744): GC_CONCURRENT freed 6K, 3% free 7001K/7175K, paused 2ms+4ms
I/TASageTV(24744): Starting TaSageTV version 2.17
D/libEGL (24744): loaded /system/lib/egl/libGLES_android.so
D/dalvikvm(24089): GC_FOR_ALLOC freed 1837K, 32% free 15188K/22279K, paused 48ms
D/libEGL (24744): loaded /system/lib/egl/libEGL_tegra.so
D/libEGL (24744): loaded /system/lib/egl/libGLESv1_CM_tegra.so
D/libEGL (24744): loaded /system/lib/egl/libGLESv2_tegra.so
D/dalvikvm(24089): GC_CONCURRENT freed 50K, 32% free 15306K/22279K, paused 4ms+7ms
D/OpenGLRenderer(24744): Creating OpenGL renderer caches
D/OpenGLRenderer(24744): Enabling debug mode 0
D/OpenGLRenderer(24744): Layers will be composited as regions
I/System.out(24744): Client service bound
W/STVClient(24744): Set index: -1
I/TASageTV(24744): Server service bound
I/STVServer(24744): [Lineups] Using a database...
I/ActivityManager( 138): Displayed tallus.android.sagetv/.TASageTV: +614ms
I/STVServer(24744): Done reading the database
I/TASageTV(24744): Connected to 192.168.0.12:9260
I/TASageTV(24744): Starting TCP listen
D/dalvikvm(24089): GC_CONCURRENT freed 2318K, 33% free 15033K/22279K, paused 5ms+3ms
D/dalvikvm(24089): GC_CONCURRENT freed 1936K, 33% free 15135K/22279K, paused 11ms+3ms
D/dalvikvm(24089): GC_CONCURRENT freed 2258K, 34% free 14923K/22279K, paused 3ms+3ms
D/dalvikvm(24089): GC_CONCURRENT freed 1927K, 33% free 15020K/22279K, paused 8ms+4ms
D/dalvikvm(24089): GC_CONCURRENT freed 2058K, 33% free 15009K/22279K, paused 9ms+3ms
I/STVServer(24744): Done reading the database
I/TASageTV(24744): Sending: ANS:JSON2
I/TASageTV(24744): LOC
I/TASageTV(24744): MAX:-1
I/TASageTV(24744): SMS:0
I/TASageTV(24744): LED
I/TASageTV(24744): NED
I/TASageTV(24744): BTN
I/TASageTV(24744): SVP:0
I/TASageTV(24744): INI:Jacobs1
D/dalvikvm(24089): GC_CONCURRENT freed 1920K, 33% free 15126K/22279K, paused 4ms+4ms
D/dalvikvm(24089): GC_CONCURRENT freed 2068K, 33% free 15106K/22279K, paused 6ms+4ms
W/STVClient(24744): Set index: 1
I/TASageTV(24744): Connected to 192.168.0.12:9250
I/TASageTV(24744): Starting TCP listen
I/STVClient(24744): [0023a50003cf] Version = 2.3.1
I/TASageTV(24744): Sending: ANS:JSON
I/TASageTV(24744): LTP
I/TASageTV(24744): INI:Jacobs1
D/dalvikvm(24744): GC_CONCURRENT freed 164K, 4% free 7286K/7559K, paused 2ms+2ms
D/dalvikvm(24089): GC_CONCURRENT freed 1949K, 33% free 15141K/22279K, paused 3ms+4ms
D/dalvikvm(24744): GC_CONCURRENT freed 394K, 7% free 7391K/7879K, paused 2ms+7ms
D/dalvikvm(24744): GC_CONCURRENT freed 450K, 7% free 7420K/7943K, paused 2ms+4ms
D/dalvikvm(24089): GC_CONCURRENT freed 2304K, 34% free 14845K/22279K, paused 2ms+4ms
D/dalvikvm(24744): GC_CONCURRENT freed 518K, 8% free 7430K/8007K, paused 3ms+3ms
D/dalvikvm(24089): GC_CONCURRENT freed 2070K, 34% free 14752K/22279K, paused 7ms+3ms
D/dalvikvm(24089): GC_CONCURRENT freed 1876K, 34% free 14923K/22279K, paused 7ms+3ms
D/dalvikvm(24744): GC_FOR_ALLOC freed 428K, 9% free 7330K/8007K, paused 24ms
D/dalvikvm(24744): GC_CONCURRENT freed 385K, 9% free 7357K/8007K, paused 3ms+2ms
D/dalvikvm(24089): GC_CONCURRENT freed 1908K, 33% free 15037K/22279K, paused 4ms+6ms
D/dalvikvm(24089): GC_CONCURRENT freed 2118K, 33% free 14942K/22279K, paused 4ms+3ms
D/dalvikvm(24744): GC_CONCURRENT freed 358K, 8% free 7446K/8007K, paused 2ms+3ms
D/dalvikvm(24089): GC_CONCURRENT freed 2066K, 34% free 14924K/22279K, paused 3ms+3ms
D/dalvikvm(24744): GC_CONCURRENT freed 533K, 8% free 7457K/8071K, paused 2ms+3ms
D/dalvikvm(24744): GC_CONCURRENT freed 432K, 8% free 7464K/8071K, paused 1ms+3ms
D/dalvikvm(24089): GC_CONCURRENT freed 1916K, 33% free 15030K/22279K, paused 3ms+4ms
D/dalvikvm(24744): GC_CONCURRENT freed 502K, 8% free 7474K/8071K, paused 3ms+3ms
D/dalvikvm(24744): GC_FOR_ALLOC freed 364K, 10% free 7335K/8071K, paused 24ms
D/dalvikvm(24744): GC_CONCURRENT freed 366K, 8% free 7434K/8071K, paused 1ms+4ms
D/dalvikvm(24089): GC_CONCURRENT freed 2068K, 33% free 15009K/22279K, paused 3ms+3ms
D/dalvikvm(24744): GC_CONCURRENT freed 374K, 8% free 7466K/8071K, paused 2ms+2ms
D/dalvikvm(24744): GC_FOR_ALLOC freed 375K, 8% free 7463K/8071K, paused 25ms
I/dalvikvm-heap(24744): Grow heap (frag case) to 8.095MB for 786448-byte allocation
D/dalvikvm(24744): GC_CONCURRENT freed <1K, 8% free 8231K/8903K, paused 1ms+2ms
