D/alogcat (15457): stopping ...
D/alogcat (15457): starting ...
D/alogcat (15457): stopped
I/TextType(12350): TextType = 0x0
I/TextType(12350): TextType = 0x0
D/dalvikvm(12350): GC_CONCURRENT freed 514K, 46% free 7039K/12871K, paused 2ms+4ms
D/KeyboardEx(12350): KeyboardEx.finalize()
D/AlphaInputView(12350): AlphaInputView.finalize()
D/dalvikvm(12337): GC_FOR_ALLOC freed 440K, 14% free 11019K/12807K, paused 25ms
D/dalvikvm(12337): GC_FOR_ALLOC freed 416K, 14% free 11017K/12807K, paused 28ms
D/dalvikvm(12337): GC_FOR_ALLOC freed 385K, 14% free 11049K/12807K, paused 25ms
D/dalvikvm(12337): GC_FOR_ALLOC freed 277K, 14% free 11049K/12807K, paused 29ms
V/alogcat (15457): save instance
V/alogcat (15457): paused
D/WindowManager(12287): adjustConfigurationLw, config:{ scale=1.0 imsi=0/0 loc=null touch=3 keys=1/1/2 nav=1/1 orien=L layout=0x10000014 uiMode=0x0} mLidOpen:-1 mHasDockFeature:true mHasHallSensorFeature:true config.hardKeyboardHidden:2
I/MainActivity(15481): Time to reconnect!
W/STVClient(15481): Set index: -1
D/dalvikvm(12337): GC_FOR_ALLOC freed 600K, 17% free 10740K/12807K, paused 48ms
I/TextType(12350): TextType = 0xb0
D/alogcat (15457): stopping ...
D/alogcat (15457): stopped
D/MediaUploader(12867): PhoneStateBroadcastReceiver.onReceive: Intent { act=android.intent.action.BATTERY_CHANGED flg=0x60000010 (has extras) }
D/MediaUploader(12867): Battery change, level - 91; plugged in - false
I/fdhttpd (15640): battery level:91 plugged:0
D/MediaUploader(12867): updateQueueState: RUNNING
D/MediaUploader(12867): UploadService.onHandleIntent: Intent { act=com.google.android.apps.uploader.action.UPLOAD_WAKEUP cmp=com.google.android.apps.plus/com.google.android.apps.uploader.UploadService }
D/MediaUploader(12867): UploadsQueue.getAllPending: elapsed msec=2
D/MediaUploader(12867): UploadsQueue.getAllPending: elapsed msec=3
D/MediaUploader(12867): updateQueueState: RUNNING
D/FlexLabs(12816): Widget count: 2
D/WindowManager(12287): adjustConfigurationLw, config:{ scale=1.0 imsi=0/0 loc=null touch=3 keys=1/1/2 nav=1/1 orien=L layout=0x10000014 uiMode=0x0} mLidOpen:-1 mHasDockFeature:true mHasHallSensorFeature:true config.hardKeyboardHidden:2
D/WindowManager(12287): adjustConfigurationLw, config:{ scale=1.0 imsi=0/0 loc=null touch=3 keys=1/1/2 nav=1/1 orien=L layout=0x10000014 uiMode=0x0} mLidOpen:-1 mHasDockFeature:true mHasHallSensorFeature:true config.hardKeyboardHidden:2
I/ShowGuide(15481): Set the days
I/ShowGuide(15481): Set the lineups
I/ShowGuide(15481): Refreshing the listview
I/MainActivity(15481): Time to reconnect!
W/STVClient(15481): Set index: -1
I/TextType(12350): TextType = 0x0
I/ShowGuide(15481): Set the channels
I/TASageTV(15481): Sending: ACT:50997|1|
W/System.err(15481): android.os.NetworkOnMainThreadException
W/System.err(15481): at android.os.StrictMode$AndroidBlockGuardPolicy.onNetwork(StrictMode.java:1077)
W/System.err(15481): at dalvik.system.BlockGuard$WrappedNetworkSystem.write(BlockGuard.java:290)
W/System.err(15481): at org.apache.harmony.luni.net.PlainSocketImpl.write(PlainSocketImpl.java:462)
W/System.err(15481): at org.apache.harmony.luni.net.SocketOutputStream.write(SocketOutputStream.java:55)
W/System.err(15481): at java.io.OutputStreamWriter.flush(OutputStreamWriter.java:165)
W/System.err(15481): at java.io.PrintWriter.flush(PrintWriter.java:270)
W/System.err(15481): at tallus.utils.TCPClient.Send(TCPClient.java:199)
W/System.err(15481): at tallus.utils.TCPClient.SendRaw(TCPClient.java:191)
W/System.err(15481): at tallus.utils.TCPClient$BaseServiceBinder.send(TCPClient.java:99)
W/System.err(15481): at tallus.android.sagetv.service.STVServer$MyServiceBinder.setChannel(STVServer.java:235)
W/System.err(15481): at tallus.android.sagetv.show.ShowGuide$2.onItemSelected(ShowGuide.java:128)
W/System.err(15481): at android.widget.AdapterView.fireOnSelected(AdapterView.java:870)
W/System.err(15481): at android.widget.AdapterView.access$200(AdapterView.java:41)
W/System.err(15481): at android.widget.AdapterView$SelectionNotifier.run(AdapterView.java:836)
W/System.err(15481): at android.os.Handler.handleCallback(Handler.java:587)
W/System.err(15481): at android.os.Handler.dispatchMessage(Handler.java:92)
W/System.err(15481): at android.os.Looper.loop(Looper.java:132)
W/System.err(15481): at android.app.ActivityThread.main(ActivityThread.java:4025)
W/System.err(15481): at java.lang.reflect.Method.invokeNative(Native Method)
W/System.err(15481): at java.lang.reflect.Method.invoke(Method.java:491)
W/System.err(15481): at com.android.internal.os.ZygoteInit$MethodAndArgsCaller.run(ZygoteInit.java:841)
W/System.err(15481): at com.android.internal.os.ZygoteInit.main(ZygoteInit.java:599)
W/System.err(15481): at dalvik.system.NativeStart.main(Native Method)
I/ShowGuide(15481): Refreshing the listview
I/ActivityManager(12287): Displayed tallus.android.sagetv/.show.ShowGuide: +395ms
I/TASageTV(15481): Sending: ATL
I/ShowGuide(15481): Refreshing the listview
D/WindowManager(12287): adjustConfigurationLw, config:{ scale=1.0 imsi=0/0 loc=null touch=3 keys=1/1/2 nav=1/1 orien=L layout=0x10000014 uiMode=0x0} mLidOpen:-1 mHasDockFeature:true mHasHallSensorFeature:true config.hardKeyboardHidden:2
I/MainActivity(15481): Time to reconnect!
W/STVClient(15481): Set index: -1
I/TextType(12350): TextType = 0xb0
D/dalvikvm(15481): GC_CONCURRENT freed 271K, 51% free 7819K/15943K, paused 2ms+5ms
I/STVServer(15481): Adding the lineup: XMLTV Lineup
I/TASageTV(15481): Sending: ACH:XMLTV Lineup
I/STVServer(15481): Adding the lineup: XMLTV Analog
I/TASageTV(15481): Sending: ACH:XMLTV Analog
D/dalvikvm(12337): GC_FOR_ALLOC freed 565K, 17% free 10755K/12807K, paused 30ms
D/dalvikvm(12337): GC_FOR_ALLOC freed 287K, 14% free 11018K/12807K, paused 35ms
D/dalvikvm(12337): GC_FOR_ALLOC freed 277K, 14% free 11018K/12807K, paused 29ms
D/dalvikvm(12337): GC_FOR_ALLOC freed 247K, 14% free 11049K/12807K, paused 29ms
D/dalvikvm(12337): GC_FOR_ALLOC freed 138K, 14% free 11049K/12807K, paused 41ms
D/dalvikvm(12337): GC_FOR_ALLOC freed 138K, 14% free 11049K/12807K, paused 24ms
D/dalvikvm(12337): GC_FOR_ALLOC freed 138K, 14% free 11049K/12807K, paused 23ms
D/WindowManager(12287): adjustConfigurationLw, config:{ scale=1.0 imsi=0/0 loc=null touch=3 keys=1/1/2 nav=1/1 orien=L layout=0x10000014 uiMode=0x0} mLidOpen:-1 mHasDockFeature:true mHasHallSensorFeature:true config.hardKeyboardHidden:2
D/alogcat (15457): stopping ...
D/alogcat (15457): canceling periodic saves
V/alogcat (15457): started
V/alogcat (15457): resumed
D/alogcat (15457): starting ...
D/dalvikvm(12287): GC_CONCURRENT freed 914K, 23% free 12508K/16199K, paused 4ms+17ms
D/dalvikvm(12337): GC_FOR_ALLOC freed 471K, 17% free 10728K/12807K, paused 42ms
I/TextType(12350): TextType = 0x0
W/IInputConnectionWrapper(15481): showStatusIcon on inactive InputConnection
D/dalvikvm(15457): GC_CONCURRENT freed 6028K, 50% free 7398K/14599K, paused 2ms+3ms
D/dalvikvm(15457): GC_CONCURRENT freed 55K, 47% free 7854K/14599K, paused 2ms+2ms
D/dalvikvm(15457): GC_CONCURRENT freed <1K, 43% free 8364K/14599K, paused 1ms+2ms
D/dalvikvm(15457): GC_CONCURRENT freed <1K, 39% free 9030K/14599K, paused 2ms+2ms
D/dalvikvm(15457): GC_FOR_ALLOC freed <1K, 33% free 9881K/14599K, paused 22ms
D/dalvikvm(15457): GC_CONCURRENT freed <1K, 25% free 11058K/14599K, paused 2ms+3ms
D/dalvikvm(15457): GC_CONCURRENT freed 255K, 15% free 12412K/14599K, paused 1ms+2ms
D/dalvikvm(15457): GC_FOR_ALLOC freed 69K, 7% free 13623K/14599K, paused 22ms
D/dalvikvm(15457): GC_FOR_ALLOC freed 8K, 7% free 14797K/15815K, paused 23ms
I/RealTimeChat(12867): Sending ping to bunch
I/RealTimeChat(12867): Ping response from backend